common divisor of 204 and p.
68
Suppose -6*v + 20 = -2*v. Let i(u) = 6*u**2 + 3*u + 6. Let k be i(v). Let x be (15 - 21/9)/(2/3). Calculate the highest common factor of k and x.
19
Let l = 34745 - 34738. Let m(g) = 5*g**2 - 2*g + 3. Let i be m(4). Suppose i = 2*q - 79. Calculate the highest common factor of l and q.
7
Let x = 63 - 19. Suppose 265658*g = 265644*g + 3 + 81. What is the highest common factor of x and g?
2
Suppose -2*t + 10*t = 192. Suppose 0*w - 4*w - 19 = -m, -m + t = -5*w. Let f(v) = -55*v - 1. Let h be f(m). Calculate the highest common factor of h and 108.
54
Suppose 3*m = -4*x + 343, -3*m + 4*x = -438 + 55. Calculate the greatest common divisor of 77 and m.
11
Let x be 0 + -5 - 10/(-5). Let c(q) = -7*q + 6. Let o be c(x). Suppose 15 = -5*i, 4*i - 204 = -9*p + 5*p. Calculate the highest common factor of p and o.
27
Let j = 14 - 12. Let l(q) = -30*q + 78. Let d(o) = -10*o + 26. Let c(w) = j*l(w) - 7*d(w). Let h be c(6). What is the highest common divisor of 85 and h?
17
Let u(h) = 9*h**2 + 68*h - 21. Let q be u(-11). What is the greatest common divisor of q and 464?
16
Suppose -j - 4*z = -8576, -2*z - 5 + 13 = 0. What is the highest common factor of 32 and j?
16
Let k = 27 + 1. Let h = -563 - -591. What is the greatest common factor of k and h?
28
Suppose 60*k - 167 - 282 = 1231. Calculate the greatest common divisor of 8918 and k.
14
Let k be ((-2)/3)/(2 + (-20)/9). Suppose 0 = -g + 4*o + 20, o = -0*o + k. Let m = -260 + 516. Calculate the greatest common divisor of g and m.
32
Suppose p = 3*p + b - 12, 5*p - 19 = 3*b. Suppose -6*x = -p*x - 5. Suppose 4*t - 20 = 0, 0*t = -4*f + x*t + 647. What is the highest common factor of 24 and f?
24
Let w = -187 - -190. Suppose b - 2*b + 65 = w*y, 0 = -5*y. Calculate the greatest common factor of b and 325.
65
Suppose 0 = -2*j + 7 + 11. Let p be -161 - (-4)/(-3)*-3. Let g = -85 - p. What is the greatest common divisor of g and j?
9
Let p be 69/(-3) - 36/(-12). Let s be -2 + 1002/15 - p/100. Calculate the greatest common divisor of 15 and s.
5
Suppose 1993*p - 1870 = 1988*p. Calculate the highest common factor of p and 88.
22
Let h = 196 + -100. Let t = 2255 + -2223. What is the greatest common factor of h and t?
32
Suppose -5344*q = -5340*q - 16492. What is the greatest common divisor of 62 and q?
31
Let s be (0 + 1)/3*(-2070)/(-46). Let u = s + -12. Suppose c - 280 = -u*c. What is the highest common factor of 30 and c?
10
Let r(l) = 5*l - 6*l**2 + 7 - 19*l**3 - 28*l**3 + 48*l**3. Let u be r(5). Let b = 4 + u. Calculate the greatest common divisor of b and 11.
11
Let c be ((-4)/10 + (-92)/70)/((-222)/8547). Calculate the greatest common factor of 12210 and c.
66
Suppose 24*s = -b + 844, 3*s - 7*s - 5*b + 160 = 0. Suppose 4*z - 278 = -82. What is the greatest common divisor of s and z?
7
Suppose 4*u + 9 = -11. Let d be -2*2 + u + 30. Let k(g) = g**3 - 5*g**2 + 8*g - 10. Let s be k(4). What is the highest common divisor of s and d?
3
Suppose 0 = 4*n - 4*j - 31 + 7, 5*n = 3*j + 38. Suppose n*s - 117 - 3 = 0. Let b be 2 + 0 + 2/1. What is the highest common factor of s and b?
4
Let z(f) = f**2 + 7*f - 3. Let l be z(-8). Let w be l - -1*38/2. Calculate the greatest common factor of w and 56.
8
Suppose -37 = -7*w - 9. Let o be (-11 - -17)*w/(8/39). Calculate the highest common factor of 26 and o.
13
Let u(n) = n**3 - 18*n**2 + 11*n - 50. Let w be u(18). Let a = w + -146. What is the highest common factor of 64 and a?
2
Let z be 391/(-230)*(-6 + -4). Let j = -3 - -5. Suppose 0 = j*s + 7 - 41. Calculate the greatest common factor of z and s.
17
Let m be 0 + 35 - (0 + 3). Let o(v) = -92. Let x(g) = -2*g. Let s(f) = -o(f) - 6*x(f). Let y be s(-7). What is the highest common divisor of y and m?
8
Let a = -107 + 121. Let p be (a/(-12))/7 - 1771/(-42). Calculate the highest common factor of 14 and p.
14
Suppose -4*m = -2*l + 482, -10*m - 565 = -5*m + 5*l. Let h be ((-43)/4)/(5/20). Let q = h - m. Calculate the highest common factor of q and 45.
15
Let z be ((-98)/(-6) - 22/(-33)) + -1. Suppose -4*q = z*q - 3040. Calculate the greatest common divisor of 12 and q.
4
Suppose 33*n = 29*n + 924. Calculate the greatest common factor of n and 33.
33
Let l be (-2 - (-56)/12)/((-1)/(-33)). What is the greatest common factor of 632 and l?
8
Let m(y) = -y**2 - 6*y. Let t be -3*4/(-24)*-10. Let j be m(t). Suppose j*x = 3*l + l - 217, -5*l + 302 = 4*x. Calculate the highest common factor of 145 and l.
29
Let q be 9/(-12) + (-445)/4 + 4. Let w be (-136)/3*162/q. Suppose -80 + 12 = -4*n. Calculate the greatest common factor of n and w.
17
Let d(p) = p - 254. Let s be d(0). Let x = s - -422. What is the highest common factor of 12 and x?
12
Suppose 13*q - 1374 - 706 = 0. Suppose 27*d = 19*d + q. Calculate the highest common divisor of d and 180.
20
Let v = -14 - -56. Let u(a) = 5*a + 42. Let h be u(v). Calculate the greatest common factor of h and 14.
14
Let d be ((-539)/(-392))/(1/24). Suppose 2*g - 99 = -v, 3*v + 2*g = 3*g + 297. Calculate the highest common factor of v and d.
33
Let d be -9 - -1646 - (-12)/(1 - -1). What is the greatest common divisor of d and 31?
31
Suppose 4*f - 9*y = -10*y + 4840, 2420 = 2*f + 3*y. Calculate the greatest common divisor of 20 and f.
10
Suppose d = -4*w - 9, d - 2*w - 6 = -w. Suppose d*o - 876 + 315 = 0. What is the greatest common factor of 17 and o?
17
Let a be (-8 - -4)*8526/(-6). What is the greatest common divisor of 116 and a?
116
Let o be (-110)/(-11) - -56 - 18. Calculate the highest common factor of o and 372.
12
Let z = 163 - 167. Let y be (-1 - 657/(-18)) + 2/z. Calculate the highest common divisor of y and 45.
5
Let j(o) = o - 2. Let s be j(0). Let x be (-16)/(-3) - s/3. Suppose 3*v = -0 + x. Calculate the greatest common divisor of v and 22.
2
Let t = -135 + 479. Let g = t + -294. What is the highest common factor of 350 and g?
50
Suppose 4*w = -4*o + w + 14, o = -4*w - 16. Calculate the highest common divisor of 7488 and o.
8
Let k be (102/(-238))/((-2896)/(-966) + -3). What is the greatest common factor of k and 4784?
23
Let x = -5078 - -5081. Suppose -2*h + 242 = -4*f, 5*h + 8 = -f + 624. What is the greatest common factor of h and x?
3
Let w be 1/3*(3 - (-10 - -7)). Let x(q) = 151*q + 10. Let k be x(w). Calculate the greatest common factor of k and 13.
13
Let d(n) = 3*n**2 + 67*n + 16. Let u be d(-19). Let a = 182 + u. What is the greatest common factor of 44 and a?
4
Let o = -1202 + 1385. Calculate the highest common factor of o and 21.
3
Let n = 1432 - 976. Calculate the greatest common divisor of 95 and n.
19
Suppose 8 = -12*l + 14*l. Suppose -336 = -l*b + 10*b. Let c = b - -66. What is the greatest common factor of 100 and c?
10
Let n be 2 - (13/7 + (-11)/(-77)). Suppose j - 464 = -5*w, -3*w + 4*w + 3*j - 90 = n. Suppose 0 = 2*p - 105 - w. What is the greatest common factor of p and 22?
11
Suppose 157*q = 104*q + 318. What is the greatest common divisor of q and 37?
1
Let q = 3772 + -3601. What is the highest common factor of 608 and q?
19
Let z = -951 - -2270. Suppose 5*a + 4*v = 1291, 4*a = -2*v - 285 + z. What is the greatest common factor of a and 74?
37
Let x = -6476 + 7709. Calculate the greatest common divisor of x and 1781.
137
Suppose 5*d = -2*o + 132, -19*d = -16*d - 18. What is the greatest common factor of 5423 and o?
17
Suppose 0 = 4*m - 3*a - 286, -5*m - 1360*a = -1359*a - 348. Let c(w) = 9*w - 5. Let u be c(5). Calculate the highest common divisor of u and m.
10
Let d(u) = -592*u - 9069. Let o be d(-16). What is the highest common factor of 52 and o?
13
Suppose -159 = -b - 5*w, -3*w + 613 + 116 = 5*b. Let z = -173 - -371. What is the highest common factor of z and b?
18
Suppose 12*h - 11*h = -2*n + 87, h - 3*n = 117. What is the highest common factor of 1133 and h?
11
Let h be (-6)/30 + (-11236)/20. Let l = 628 + h. What is the highest common divisor of l and 209?
11
Let p(y) = y**2 - 14*y + 49. Suppose x + 99 = 10*x. Let t be p(x). What is the greatest common divisor of t and 8?
8
Suppose 0 = -n + 48 + 84. Suppose 4*o + 13 = 3*p, 7*p - 4*o = 8*p + 1. Suppose 22 = p*y - 14. Calculate the highest common factor of n and y.
12
Let i be 634/(((-8)/6)/((-10)/15)). Suppose -h = -4*k + 256, 26*k + 2*h = 31*k - i. What is the highest common divis